 composite?
False
Is 15661231 a composite number?
True
Is 18864773 a prime number?
True
Is 16581073 composite?
True
Is 2230313 a composite number?
True
Is 38693913 a composite number?
True
Is 10143761 prime?
True
Is 53331299 composite?
True
Is 98555053 a composite number?
True
Is 67285037 prime?
False
Is 45836551 composite?
True
Is 19695359 a prime number?
False
Is 7777153 a prime number?
False
Is 132776333 prime?
True
Is 32873177 a prime number?
False
Is 5384449 prime?
False
Is 4571815 a prime number?
False
Is 916361 a prime number?
True
Is 19298017 a composite number?
False
Is 29965357 prime?
True
Is 7393389 prime?
False
Is 66701521 a composite number?
False
Is 5616047 composite?
True
Is 212553277 composite?
True
Is 4246717 a prime number?
True
Is 17803801 a prime number?
True
Is 1051247 composite?
False
Is 4230343 prime?
False
Is 23866981 composite?
False
Is 1071378071 a composite number?
False
Is 4183733 a prime number?
True
Is 9840371 a composite number?
True
Is 75915159 prime?
False
Is 9384701 a composite number?
True
Is 5594555 composite?
True
Is 440301889 a composite number?
False
Is 233151197 a composite number?
False
Is 111038979 a composite number?
True
Is 4799551 a composite number?
False
Is 293599 a prime number?
True
Is 225133879 composite?
False
Is 3911977 composite?
False
Is 27638097 a composite number?
True
Is 17299433 a composite number?
False
Is 185712931 a prime number?
True
Is 13706993 a composite number?
False
Is 133036621 composite?
True
Is 494103 prime?
False
Is 23752919 prime?
True
Is 15660119 composite?
False
Is 214147937 prime?
True
Is 5470071 a composite number?
True
Is 16513459 a composite number?
True
Is 151310849 a composite number?
False
Is 31455499 composite?
False
Is 4213267 prime?
False
Is 14493587 a prime number?
True
Is 347527 prime?
False
Is 30661777 a composite number?
True
Is 5176453 prime?
False
Is 26183951 a composite number?
True
Is 1904927 prime?
False
Is 58923871 prime?
True
Is 82816751 composite?
False
Is 4267819 a prime number?
True
Is 5503639 a prime number?
False
Is 93588919 a composite number?
True
Is 973829 a prime number?
False
Is 16439447 composite?
False
Is 24904339 a composite number?
False
Is 91453195 a prime number?
False
Is 42532367 a prime number?
False
Is 39255649 prime?
False
Is 5486045 a composite number?
True
Is 145993 prime?
False
Is 1065984691 prime?
True
Is 83446889 a prime number?
True
Is 375777317 a prime number?
True
Is 132908071 a composite number?
False
Is 12648351 prime?
False
Is 2301193 composite?
False
Is 650347 a composite number?
False
Is 2866183 a composite number?
True
Is 71866 a prime number?
False
Is 1289867 a prime number?
True
Is 2680523 a composite number?
True
Is 479130131 composite?
True
Is 52250251 prime?
True
Is 786763 composite?
False
Is 47620571 a composite number?
False
Is 1167557 a prime number?
False
Is 3145333 a prime number?
False
Is 22531049 composite?
False
Is 11387573 a composite number?
False
Is 206389 a composite number?
True
Is 26795753 prime?
True
Is 4026457 a prime number?
False
Is 11664001 composite?
True
Is 71640629 a composite number?
False
Is 142584247 a composite number?
True
Is 494873 composite?
False
Is 8807951 prime?
True
Is 36558353 prime?
False
Is 15138665 prime?
False
Is 4772923 a composite number?
True
Is 374599 a composite number?
True
Is 11601587 prime?
False
Is 963878 a prime number?
False
Is 10272349 a prime number?
True
Is 45435407 composite?
True
Is 15690533 prime?
True
Is 2893351 prime?
True
Is 124769 a composite number?
False
Is 57778418 a composite number?
True
Is 82451009 a composite number?
False
Is 607469 prime?
False
Is 64234493 prime?
True
Is 120301 prime?
False
Is 117091613 a composite number?
True
Is 78384931 prime?
True
Is 28712569 prime?
True
Is 4794719 a composite number?
True
Is 267625733 a composite number?
False
Is 977623 a composite number?
True
Is 17594173 a prime number?
False
Is 1002305 a composite number?
True
Is 621310435 composite?
True
Is 101930999 composite?
False
Is 24603179 a composite number?
False
Is 20957069 a prime number?
False
Is 4915571 composite?
False
Is 1362949 a prime number?
False
Is 1095779 a composite number?
False
Is 35978597 a prime number?
False
Is 9999247 composite?
True
Is 45186107 a prime number?
False
Is 161842337 a composite number?
True
Is 22578079 a composite number?
False
Is 916931 composite?
False
Is 674203 a prime number?
False
Is 32149301 a prime number?
True
Is 209609201 prime?
False
Is 266938279 a composite number?
True
Is 1148921 a prime number?
True
Is 1103302 a prime number?
False
Is 315137123 a composite number?
True
Is 6906401 composite?
False
Is 270776293 a prime number?
False
Is 1195367 composite?
True
Is 21412429 a composite number?
False
Is 9779149 a prime number?
False
Is 12619531 a prime number?
True
Is 1439786 prime?
False
Is 40044703 composite?
True
Is 858281609 prime?
True
Is 22576069 a composite number?
True
Is 205638743 a prime number?
True
Is 6339733 a prime number?
False
Is 3670801 a prime number?
False
Is 73288121 a prime number?
True
Is 58259479 a prime number?
True
Is 19175993 prime?
False
Is 40392811 composite?
False
Is 80006497 composite?
False
Is 14238427 prime?
False
Is 5949947 a prime number?
False
Is 1361 composite?
False
Is 96780907 a prime number?
True
Is 1543291 a prime number?
True
Is 11120737 a composite number?
True
Is 17098885 a composite number?
True
Is 324122783 composite?
False
Is 10057879 prime?
False
Is 42333833 prime?
True
Is 8990497 a prime number?
True
Is 4307857 prime?
True
Is 13398473 a prime number?
False
Is 51450353 prime?
True
Is 7465399 a prime number?
True
Is 34916249 prime?
False
Is 187433429 composite?
False
Is 4092611 composite?
True
Is 25894733 prime?
True
Is 5807887 a composite number?
False
Is 21561979 composite?
True
Is 472219831 a composite number?
True
Is 160526207 composite?
False
Is 15398309 a composite number?
True
Is 16395917 a composite number?
True
Is 7382387 prime?
True
Is 2540551 a composite number?
True
Is 6785599 a prime number?
True
Is 1690009 a composite number?
False
Is 11347229 a composite number?
False
Is 136709449 a prime number?
False
Is 1513553 composite?
False
Is 38700577 a composite number?
False
Is 4380613 prime?
False
Is 207329509 prime?
True
Is 573947 prime?
False
Is 108683357 a composite number?
True
Is 1450391 a composite number?
False
Is 66660703 a prime number?
False
Is 7976989 a prime number?
False
Is 11276413 a prime number?
True
Is 5823841 prime?
False
Is 8783123 prime?
True
Is 2523973 a prime number?
False
Is 97666927 composite?
False
Is 1724197 prime?
False
Is 802726437 a composite number?
True
Is 6814961 a prime number?
True
Is 27348653 a composite number?
True
Is 72021283 composite?
False
Is 27243917 composite?
False
Is 1374119 prime?
False
Is 602277622 composite?
True
Is 1345807 prime?
False
Is 2116943 a prime number?
False
Is 22862407 a prime number?
False
Is 35393317 a composite number?
False
Is 19085029 a prime number?
True
Is 33397097 prime?
False
Is 942257 prime?
True
Is 156610357 composite?
True
Is 46601921 prime?
True
Is 27199667 a composite number?
True
Is 979457 a composite number?
False
Is 12876499 composite?
True
Is 39365477 a prime number?
True
Is 1131701 composite?
False
Is 448751 a composite number?
True
Is 365677139 composite?
False
Is 55480379 a prime number?
True
Is 20533571 composite?
False
Is 57936743 a composite number?
False
Is 89897253 prime?
False
Is 5209777 a prime number?
True
Is 10245959 composite?
True
Is 308213 a composite number?
False
Is 560609551 composite?
False
Is 32567477 a prime number?
True
Is 8045014 composite?
True
Is 1075091 a prime number?
True
Is 85611047 a composite number?
True
Is 177775469 a composite number?
False
Is 62141543 composite?
True
Is 86080009 composite?
False
Is 820585261 a prime number?
False
Is 159088469 prime?
True
Is 2804807 composite?
False
Is 2374273 composite?
True
Is 69859499 a composite number?
False
Is 1703729 composite?
True
Is 134227579 a composite number?
False
Is 29327383 prime?
False
Is 12659551 a composite number?
True
Is 83015657 a prime number?
True
Is 10420489 prime?
False
Is 1365216067 a composite number?
False
Is 18207361 prime?
False
Is 21850637 a composite number?
False
Is 2641759 a prime number?